/(-13)?
2, 19
Suppose -3*h = -9*h + 24. Suppose -2*m - 2*m - 1185 = -5*w, 0 = h*m - 3*w + 1191. Let x = m - -547. What are the prime factors of x?
13, 19
Suppose 30*z + 38*z - 472532 = 0. What are the prime factors of z?
6949
Suppose -3*c = 5*z - 73, 2*z - 31 = 4*c - 7. Suppose 18*r - 1272 = z*r. List the prime factors of r.
2, 3, 53
Let t = 33539 + -19120. List the prime factors of t.
14419
Suppose 13*f = -6*f + 95. Suppose -5*h + 2440 = -5*j, -f*j = 3*h - 0*h - 1448. List the prime factors of h.
2, 3
List the prime factors of ((-8)/(-32))/(6/(-24)) - -5896.
3, 5, 131
Let x = 14187 - -6100. What are the prime factors of x?
20287
Suppose 0 = 3*q - 2*b - 14106, -5*q - 2*b + 28338 - 4844 = 0. What are the prime factors of q?
2, 5, 47
Let z = -16141 + 27962. List the prime factors of z.
11821
Let c = 41 - 37. Suppose 0 = -4*v + 5*m + 16, -4*v + 21 - 5 = -c*m. Suppose -v*b = -2*b - 202. List the prime factors of b.
101
Suppose -4*f = -2*q + 22, 3*f = q + 4*f - 2. Suppose -3*u - 320 = -q*h, -2*h + 5*h + 5*u = 226. What are the prime factors of h?
67
Let n = 26281 - 13846. What are the prime factors of n?
3, 5, 829
Suppose -4*z - 4 = 6*a - 5*a, 1 = -5*a - z. Suppose -9*t + 22*t - 8931 = a. List the prime factors of t.
3, 229
Let l(d) = 5*d**2 + 71*d - 364. List the prime factors of l(21).
2, 7, 17
Let i(j) = -4*j + 17. Suppose 24 = -4*h + 6*h. Let p be h/(-42) + (-19)/7. List the prime factors of i(p).
29
Let x(m) = -11*m**3 - 6*m**2 - 17*m + 3. List the prime factors of x(-6).
3, 5, 151
Let j(p) = -p**3 + 14*p**2 + 43*p - 458. List the prime factors of j(9).
2, 167
Suppose 37*f + 30432 = 43*f. Suppose -7*x - 872 + f = 0. List the prime factors of x.
2, 3, 5
Let g = 32 + -27. Suppose 3*w - 372 = w - 2*k, 4*w = -k + 750. Suppose 0 = -2*r - 4*a + 8*a + w, 2*r = g*a + 188. List the prime factors of r.
2, 47
Let w(i) be the second derivative of 74*i**3 - 136*i**2 + 287*i. List the prime factors of w(4).
2, 47
Let y(l) = -15*l**2 - 5*l + 70. Let g be y(6). Let r = 375 - g. What are the prime factors of r?
5, 7
What are the prime factors of 5606 + 94 + 11*-1?
5689
Let s = 5988 + -2864. What are the prime factors of s?
2, 11, 71
Let i(c) = -11*c + 15. Let m be -2 + 1 - (-28 + 32). Let o be (1/(-1))/(m/(-95)). List the prime factors of i(o).
2, 7
Let h(x) = 84*x**2 - 84*x + 87. What are the prime factors of h(6)?
3, 11, 79
Let o be ((-28)/7 - 18)*(-6)/4. Let b = o + -13. Suppose -b = y - 5*y. What are the prime factors of y?
5
Suppose -50984 = -4*c - s, -2*c + 25492 = 170*s - 175*s. List the prime factors of c.
2, 6373
Suppose 94 = -4*i - 2*w, i + 0*w - 4*w + 1 = 0. Let o = i + 237. List the prime factors of o.
2, 3
Let d = -30 - -35. Let u be (4/10)/(18756/3750 - d). Let o = 356 - u. List the prime factors of o.
2, 53
Suppose -a + 5*a - 732 = -4*n, -547 = -3*n - 2*a. Let y = 161 + n. Suppose -4*j + 738 = -y. List the prime factors of j.
2, 3, 5
Let z be -4 - (-2 + -8 + 2). Suppose -a - 264 = z*b, 0*b + 264 = -a + 2*b. Let p = a - -375. List the prime factors of p.
3, 37
List the prime factors of (-1)/(-3)*(16230/(-4) + 7)*-6.
8101
Let b = -329 + 623. Suppose -5*f - 586 - b = -2*d, -5*d + 2200 = 3*f. Suppose d = -3*w + 14*w. List the prime factors of w.
2, 5
Let c = -7665 - -15926. List the prime factors of c.
11, 751
Let b = -1473 - -7254. What are the prime factors of b?
3, 41, 47
Let s(a) = 3*a**2 - 40*a - 35. Let g be s(16). Suppose t + g = 220. List the prime factors of t.
127
Suppose 3*u - u - 25 = 5*m, -5*u = -3*m - 53. Suppose u*b - 336 = 1924. What are the prime factors of b?
2, 113
Let c(z) = 134*z - 42. Let r be c(3). Let x = -316 + r. List the prime factors of x.
2, 11
Let v be (0 - -621) + 3*20/(-15). Let x = -429 + v. List the prime factors of x.
2, 47
Let n(w) = 2*w**2 - 7*w + 17. Let d(h) = -h**2 + h + 1. Let c(p) = -3*d(p) - n(p). Let a be c(-9). Let r = a + 78. What are the prime factors of r?
103
Suppose -449*p + 110*p = -7299009. What are the prime factors of p?
3, 7177
Let m = 6823 - 4293. What are the prime factors of m?
2, 5, 11, 23
Suppose -39 = -5*h + 106. Suppose h = q + 10. Let n(u) = 5*u - 14. List the prime factors of n(q).
3
What are the prime factors of 1/((-835)/334*4/(-231430))?
23143
Let g be 1 + 5/(-4) - 106878/(-376). Suppose -o - g + 57 = -l, -4*l - 4*o = -868. What are the prime factors of l?
2, 3, 37
Let j = 83 + -169. Let s = j - -344. What are the prime factors of s?
2, 3, 43
Suppose z - 22242 = 5*n, -4*z - 4*n + 50951 = -37921. What are the prime factors of z?
2, 41, 271
Suppose 2*f - 3*f + 3*y - 2287 = 0, 0 = 5*f + 3*y + 11399. Let l = -1373 - f. What are the prime factors of l?
2, 227
Suppose 0 = -22*c + 11*c. Suppose 4*x + c*x = -2*j + 2, -12 = -3*j - 3*x. What are the prime factors of j?
7
What are the prime factors of 990*-10*4/(-32)*(-88)/(-20)?
3, 5, 11
Let u(j) = 2*j**2 + 10*j + 7. Let q be u(-3). What are the prime factors of 4/10 - 583/q?
3, 13
Let o be 22/(-88)*(-1692)/3. Let n = -6 - -6. Suppose -5*p = -3*u - n*u + 420, -2*p = -u + o. What are the prime factors of u?
3, 5
Suppose 47*d - 26*d = 1033599. What are the prime factors of d?
83, 593
Suppose -166 = -16*m + 10. Suppose -489 = -m*l + 8201. What are the prime factors of l?
2, 5, 79
Let j(d) = -d**2 - 9*d + 1. Let r be j(3). Let y = 230 - r. What are the prime factors of y?
5, 53
List the prime factors of 27/(-6)*157928/(-228).
3, 1039
Let f(y) = -4879*y - 1092. List the prime factors of f(-3).
3, 5, 7, 43
Suppose -27*s = -25*s + 4*f - 13414, -f - 33557 = -5*s. What are the prime factors of s?
3, 2237
Let f(b) be the first derivative of 2*b**3/3 + 10*b**2 + 14*b + 4. Let v be f(-9). What are the prime factors of (-15)/(-3) + (v - -43)?
2, 11
Let f(m) = -3*m**2 + 50*m**3 + 9*m**2 - 5 + 7 + 22*m**3 - 4*m. Let v be f(2). Suppose 10*o + v = 16*o. What are the prime factors of o?
3, 11
Let o(k) = 205*k + 1048. What are the prime factors of o(48)?
2, 1361
Let t be (-4)/10 - 8/(120/(-21)). List the prime factors of (-190)/(-3)*t*27/15.
2, 3, 19
Suppose 260 + 1780 = -3*t + 3*j, -3*j = 15. Let k = 1264 + t. What are the prime factors of k?
3, 193
Suppose 4*j + 0*j + 3*f = 770, 4*j + 5*f - 766 = 0. Let s = -9 + j. List the prime factors of s.
5, 37
Let t(i) = -12*i + 33. Let v be t(4). Let u = v + 20. Suppose 0 = 5*x - m - 692, 3*x - u*m + m = 422. What are the prime factors of x?
2, 3, 23
Suppose -321*d - 974028 = -368*d + 1348571. List the prime factors of d.
49417
Let g = 196 + 270. Suppose -5*d + 224 = -5*i - g, -3*d + 389 = 2*i. Let z = -68 + d. What are the prime factors of z?
5, 13
Let f(v) = -105*v**3 - 19*v**2 - 42*v - 73. What are the prime factors of f(-6)?
5, 887
Let f = 2236 + 8577. What are the prime factors of f?
11, 983
Suppose 0 = 4*l - 4*p + 16, 3 = l + p - 1. Suppose l*d + 2 = d. Suppose d*y + 43 + 67 = 5*s, y = s - 19. What are the prime factors of s?
2, 3
Let f = -4082 - -6457. What are the prime factors of f?
5, 19
Let f be 4 + 12/(-24)*-1*2. Suppose 2*u - 9 = -u. Suppose -u*c = -f*m - 50 + 1, -c = -m - 13. What are the prime factors of c?
2
Let y(f) = -855*f - 11. Let l be y(-2). Let t = l + -935. List the prime factors of t.
2, 191
Let b(g) = -g + 38. Let o be b(-18). Let h = o - -90. What are the prime factors of h?
2, 73
Suppose 5*y = 7 + 3. Suppose 0 = -3*b - y*d + 199, -2*b + 4*d - 38 + 176 = 0. Suppose 5*j = -b + 527. List the prime factors of j.
2, 23
Let d(z) = 39*z**2 - 5*z + 14. Let q(s) = -18*s + 94. Let a be q(5). List the prime factors of d(a).
2, 3, 103
Suppose -31*g = 87*g - 26196. What are the prime factors of g?
2, 3, 37
Suppose 55 = 4*m + m. Let l = m + 260. Suppose -4*r + i + 358 = -0*i, -3*r + 2*i + l = 0. List the prime factors of r.
89
Let i(y) = -2*y**2 + 15*y + 14. Let v(g) = 3*g**2 - 16*g - 15. Let c be (6/4)/(4/8). Let p(r) = c*v(r) + 4*i(r). List the prime factors of p(-14).
3, 13
Suppose 3*s = 36*s - 610071. What are the prime factors of s?
7, 19, 139
Let c = 154 - 159. List the prime factors of (-6 + c)/((-1)/50).
2, 5, 11
Let r = 6 + -8. Let l be (7*(-6)/(-126))/(2/78). Let o = r + l. List the prime factors of o.
11
Suppose 19*r - 16*r = 3*t + 3, -25 = -3*t - 4*r. Suppose -2568 = -2*u + 2*n, 5*u - 2572 = t*u + 3*n. What are the prime factors of u?
2, 5
Let r(x) = 5*x - 2. Let z be r(1). Let v be 0/(-2)